Let a = 41 - 31. Calculate the greatest common divisor of b and a.
10
Let f = 8 - 2. Let v be (18/3)/(f/4). Suppose 0 = 5*y - 4*b - 71, -v*y - b = -y - 46. What is the greatest common divisor of y and 3?
3
Suppose 9*y + 5*y = 112. What is the highest common divisor of y and 16?
8
Suppose -5*n + 202 = 4*i, -5*i + 2*n + 238 = n. What is the highest common divisor of i and 12?
12
Suppose -z = z - 10. What is the greatest common divisor of 15 and z?
5
Suppose 4*k - 12 = -z, -2 = 5*k - 3*z - 0. What is the greatest common factor of k and 2?
2
Let y(o) = -2*o - 44. Let a be y(-24). What is the greatest common divisor of 148 and a?
4
Suppose -14 = 5*k - 69. Let x(n) = -n**3 - 4*n**2 - 2. Let m be x(-5). Let c = m - k. Calculate the greatest common factor of c and 60.
12
Suppose -11 - 7 = -2*p. What is the greatest common factor of 45 and p?
9
Suppose 3*y = p + 133 - 46, 2*p - 66 = -2*y. Let f(w) = w**3 - 3*w**2 + w - 1. Let r be f(3). Let v = 22 - r. What is the highest common factor of v and y?
10
Suppose 3*u - 4 = -2*g - 25, -4*g - 32 = 4*u. Let k be 0 + (-216)/(g/1). Calculate the highest common divisor of 9 and k.
9
Let h(l) = -l**3 + 4*l**2 + 7*l - 9. Let k be h(5). What is the highest common divisor of 4 and k?
1
Let p(b) = -b + 17. Let z be p(0). Let r = -15 + z. Let l = 6 - 3. Calculate the greatest common factor of r and l.
1
Suppose -24 = -2*z - 4*h, -2*z + 0*z - 3 = -5*h. What is the highest common factor of z and 24?
6
Let a be -1*5*(-4 - -3). Suppose -z - 2*z - 5*h + 6 = 0, a*h + 36 = 3*z. Calculate the greatest common factor of 63 and z.
7
Let s = 60 + -18. What is the greatest common divisor of 6 and s?
6
Let o(y) = 8*y - 4. Let i = 7 - 17. Let g be o(i). Let b be g/(-9)*(-3)/(-2). What is the greatest common divisor of b and 7?
7
Suppose 97 + 58 = 5*g. Calculate the greatest common factor of g and 31.
31
Suppose 0*k + 18 = 2*k. Let g = 7 - 3. Suppose -5*x + g*x + 72 = 0. Calculate the highest common divisor of x and k.
9
Let z(x) = x**3 - 4*x**2 + 4*x. Let o be z(4). Let q be ((-36)/o)/(2/(-8)). What is the greatest common divisor of 6 and q?
3
Suppose -4*n - 8 = 0, 4*i + n = 345 + 13. Let g be (-37)/(-2) + 16/(-32). Calculate the highest common factor of i and g.
18
Suppose 16 = 3*c - 5. Suppose 0 = 4*s - c*s + 78. Let q = s + -11. Calculate the highest common factor of 165 and q.
15
Let u be 421 + ((-4)/(-2))/(-1). Suppose 0 = -4*l - 39 + u. Calculate the greatest common factor of 38 and l.
19
Let x be 4*-4*(-2)/16. Suppose x*i - i - 12 = 0. Calculate the greatest common factor of 30 and i.
6
Suppose 5*c - m = 1485, 4*m = 3*c - 5*c + 572. Calculate the highest common factor of c and 8.
8
Let o = -79 + 239. What is the highest common factor of 20 and o?
20
Let s be 36 - 0 - (2 - 1). What is the greatest common divisor of 7 and s?
7
Suppose -3*u = 4 - 16. Suppose -8*g + 84 = -4*g. Suppose 4*j = -3*l + 8, -5*l + 3*j - 2*j + g = 0. What is the highest common factor of l and u?
4
Let j = 0 - -6. Suppose 5*p + h = -0*h + 8, -2*p = -5*h - 14. Calculate the highest common divisor of j and p.
2
Suppose 0*y - 9 = -3*y. Suppose 5*m = -3*d - 14, d + m = -4 + 2. What is the highest common factor of d and y?
1
Suppose 0 = -3*q + 5*q. Suppose 5*n = -q + 5. What is the highest common factor of 4 and n?
1
Let k = 7 - 7. Suppose k = 2*l + 3*y - 20, l = -l + y + 28. Let z be 2110/18 - 2/9. What is the highest common factor of l and z?
13
Let g(v) = v**2 + 12*v + 10. Let c be g(-9). Let h = c - -29. Calculate the greatest common divisor of h and 4.
4
Let q(o) = -o + 36. Let h be q(-9). What is the greatest common divisor of h and 75?
15
Suppose -2*f = -f. Suppose -12 = -3*l - f. Let a(h) = -h**3 - h**2 + h + 20. Let p be a(0). Calculate the greatest common divisor of p and l.
4
Let f = -126 + 141. Calculate the highest common divisor of f and 12.
3
Let k be 1/(-4) - 2/(-8). Suppose l + k*l + 2 = 0. Let j be (-2)/4 - 41/l. Calculate the greatest common divisor of 10 and j.
10
Suppose -5*v - 30 = -5*a, -3*a - v = 3*v - 32. Suppose -3*r - 2*n + 3 + 3 = 0, -r + 2 = 5*n. What is the greatest common factor of a and r?
2
Let o = -772 - -1272. Suppose 0 = 6*p - p - o. Let c(i) = i**3 - 6*i**2 + 3*i + 2. Let q be c(6). What is the greatest common factor of p and q?
20
Let o be 4/6*(0 - -12). Suppose 2*m = 2*f - 120, f + 4*m = 88 - o. Let l be (f/(-6))/(3/(-9)). What is the greatest common factor of 8 and l?
8
Let h = -25 - -26. Let m(f) = f**3 - 5*f**2 - 5*f + 5. Suppose j + 10 - 4 = v, -4*j + 24 = 4*v. Let n be m(v). What is the highest common factor of h and n?
1
Suppose 2*t + 4*w = 424, -6*t + 2*t + 3*w = -804. Suppose 3*c + 24 = t. Calculate the greatest common divisor of c and 24.
12
Suppose 44 = 3*m - 2*m. Calculate the greatest common factor of m and 110.
22
Suppose -5 = g - 11. What is the highest common factor of 48 and g?
6
Let r = 94 - 18. Calculate the highest common factor of r and 19.
19
Suppose 0*b + 16 = 2*b. Calculate the highest common divisor of 12 and b.
4
Let h = 8 + -4. Let c be (-1)/4 + 289/h. Let f = -44 - -53. What is the highest common divisor of f and c?
9
Let o be 4/14*(-9 - -23). Let q be (-1)/o - (-281)/4. Calculate the greatest common divisor of 105 and q.
35
Suppose -2*v + 5*d - 34 + 140 = 0, -2*v - 4*d + 142 = 0. Suppose -7*x + 2*x + 35 = 0. Calculate the highest common factor of v and x.
7
Let f = 14 + -12. Suppose 4*l + 8 = -0*l. Let j be (l + 16)/((-2)/(-2)). Calculate the greatest common divisor of f and j.
2
Let q be 282/24 - (-6)/(-8). What is the highest common factor of 22 and q?
11
Let i be (-115)/(-2) + (-6)/4. What is the greatest common factor of 84 and i?
28
Let z(c) = c**2 - 6*c - 3. Let p be z(5). Let o = p + 23. Let k be (o/(-12))/((-1)/8). What is the highest common divisor of 20 and k?
10
Let h be 24 + 3 + -2 - 1. Let x = 29 + -17. Calculate the greatest common factor of h and x.
12
Suppose i = -0 + 4. Suppose i*n - 84 - 44 = 0. Suppose 4*o - 364 = n. What is the greatest common divisor of o and 9?
9
Let y(k) = -k**2 + 8*k - 4. Let s be y(6). Suppose -2*l = -l - s. What is the greatest common divisor of 32 and l?
8
Let n = -37 - -40. What is the greatest common factor of 33 and n?
3
Suppose -107 = -2*f + 9. Suppose -3*w + 182 = -f. Calculate the greatest common divisor of 16 and w.
16
Let q = -80 - -90. What is the highest common factor of q and 30?
10
Let u = 29 - 26. Let n = 20 - u. Calculate the greatest common factor of 102 and n.
17
Suppose -45 = -2*j - j. Suppose -x + j = -30. Calculate the highest common factor of x and 30.
15
Let j(x) be the first derivative of x**2/2 + 36*x + 1. Let r be j(0). Let n be 9 - (0 + (1 - 1)). Calculate the highest common factor of n and r.
9
Let z be 380/25 - 16/(-20). Calculate the highest common divisor of z and 16.
16
Let a be 12/(-1)*(-7)/4. Suppose -1 = j - a. Calculate the highest common divisor of j and 30.
10
Let w = 6 + -2. Suppose 5*c = -z - 4, -2 = 3*c + w. What is the highest common divisor of 42 and z?
6
Suppose -1 + 7 = 2*w. Let j be (39/(-15))/(w/(-15)). What is the highest common factor of 91 and j?
13
Suppose -4*j = 4*c - 80, c - 5*j - 30 - 14 = 0. Suppose c = -y + 5*y. What is the highest common factor of 15 and y?
3
Let f(y) be the third derivative of y**5/30 - y**4/6 - y**3 + 9*y**2. Let x = 2 + -8. Let n be f(x). What is the greatest common divisor of n and 10?
10
Let a(v) = -16*v + 1. Let w be a(-1). What is the greatest common factor of w and 187?
17
Let c = 249 + -200. What is the highest common factor of c and 14?
7
Let i = 15 + -7. Calculate the highest common factor of 8 and i.
8
Suppose -m + 117 = 5. Let d = 1 - -2. Suppose -56 = -4*z - 5*k, -z - d*k + 14 = -0*k. What is the greatest common divisor of z and m?
14
Suppose 0 = 4*t + 2*j - 2, -3*t + 2*t + 5*j - 27 = 0. Let h be 1 - t/(4/166). Calculate the highest common factor of h and 21.
21
Let u = 286 + -158. Let v = u - 89. What is the highest common factor of v and 13?
13
Suppose 3*r - r + 8 = 0, -4*r = -2*z + 24. Suppose -3*d = 2*u + 5, 2*u + z*d = 2*d - 2. What is the highest common divisor of 4 and u?
2
Let p = -35 + 50. What is the highest common divisor of p and 15?
15
Let p = 2 - 2. Suppose -5*d = 2*i - 92, -5*d - 2*i + i + 96 = p. Suppose 4*v - 40 = -0*v. What is the highest common